-2*i - 5*n + 1411, n + 6438 = 3*i. Let z be 20/28 - 1 - i/(-14). Calculate the highest common divisor of z and 17.
17
Let l be ((-3510)/50)/((-1)/(-5)). Let y = 536 + l. Let j = y - 131. Calculate the highest common factor of 36 and j.
18
Suppose 4*y + y + 44 = 2*j, 3*y = 0. Suppose 0 = -f + 23 + j. What is the highest common factor of f and 5?
5
Let l be -5 + (-45 - (1 + 1)). Let a = l + 101. Let y be 0 + 0 + (0 - -7). What is the greatest common factor of y and a?
7
Suppose -3*l + 216 = 15*l - 72. Let z = 133 + -21. Calculate the highest common factor of z and l.
16
Suppose -3*d + 16 + 5 = q, -5*q + 81 = 3*d. Suppose q + 65 = 5*i. Let o = i - -4. What is the greatest common divisor of o and 5?
5
Let a be (6 - (7 + 4)) + 95. What is the greatest common factor of 36 and a?
18
Let c(i) = i**3 - 10*i**2 - 11*i. Let y be (-18)/24 - (-47)/4. Let b be c(y). Suppose 12*x - 10*x - 22 = b. Calculate the highest common divisor of 33 and x.
11
Let l(n) = -n**2 - 2*n + 5. Let r be l(5). Let b be (4/8)/((-3)/r). Suppose 3*w - 14 + b = 0. Calculate the highest common factor of w and 6.
3
Let b(q) = q**3 - 4*q**2 - q + 7. Let w be b(7). What is the highest common divisor of 3 and w?
3
Let o be (-15)/9 - (-164)/12. Calculate the greatest common divisor of o and 30.
6
Let j(a) = a**3 + 6*a**2 + 3*a + 5. Let t be j(-5). Suppose 0 = 47*o - 45*o - 6. What is the highest common divisor of t and o?
3
Let z(c) = c**3 - 7*c**2 + 6*c + 6. Let d be z(7). What is the highest common factor of 768 and d?
48
Let h(p) = p**3 + 3*p**2 - 6. Let t be h(2). What is the greatest common divisor of 20 and t?
2
Let p(q) = -q**3 - 9*q**2 - 6*q + 6. Let j be p(-8). Let r be 39/(3 - (-15)/j). Calculate the greatest common divisor of 65 and r.
13
Let f = 577 + -553. What is the greatest common divisor of f and 168?
24
Let y be (-51)/((-2)/(-2) - 2). Let j = 193 - 133. Let i = j - 26. Calculate the highest common factor of i and y.
17
Let q be ((-6)/4)/(11 + 5278/(-476)). Calculate the highest common divisor of 425 and q.
17
Suppose 43 = 3*a + 67. Let y(u) = -33*u - 17. Let c be y(a). Calculate the highest common divisor of c and 13.
13
Let l be (5/15)/((-1)/(-51)). Suppose -3*c - 1 = -5*z - 11, -c + 10 = -3*z. Let j(o) = -12*o + 8. Let k be j(c). What is the highest common factor of l and k?
17
Suppose -6 = -3*l - 0, 2*u - 5*l - 70 = 0. Calculate the greatest common factor of u and 64.
8
Let i = -907 - -1654. Calculate the highest common divisor of i and 9.
9
Let y = -1450 - -2134. Suppose -y = -5*o - 184. What is the greatest common factor of 25 and o?
25
Let s = 1122 - 781. Calculate the highest common divisor of s and 11.
11
Let b(g) = 6*g**3 - g**2 - 2*g - 2. Let k be b(-1). Let t be (-3 - k) + (-2 + 1 - -2). What is the highest common factor of 25 and t?
5
Suppose -4*y - 6 = -26. Suppose 5*l = -y + 40. Suppose 3*r + 3*a = l*r - 37, 0 = -5*r - 5*a + 20. What is the highest common factor of 77 and r?
7
Let b = -39 + 41. Suppose -2*c - 2*d + 46 = 0, 3*c + 4*d - 118 = -b*c. Let s be 1/((-1)/(0 - 208)). What is the highest common divisor of s and c?
26
Let v(m) = 2*m + 44. Let t be v(-19). What is the highest common divisor of 10 and t?
2
Suppose 0 = -4*z + 5*z + 56. Let o = -39 - z. Calculate the greatest common divisor of 136 and o.
17
Suppose 0 = -2*k + 104 - 6. Suppose -2 + 11 = 3*m. Suppose -3*g + 40 = -5*f, -m*g - f + k + 15 = 0. Calculate the greatest common divisor of 8 and g.
4
Suppose 38*u = 32*u + 228. Calculate the greatest common divisor of u and 266.
38
Suppose -q - 242 = -3*l, 5*l - 561 = -5*q - 171. Calculate the highest common factor of l and 48.
16
Let t be (-194)/(-6) + 2*(-3)/(-9). Suppose 0 = -3*z - 9, -3*m - 5*z = -m - t. Calculate the greatest common factor of m and 12.
12
Suppose -18*q + 8*q - 330 = 0. Let w = -3 - q. What is the highest common divisor of w and 150?
30
Let p(n) = -n + 1. Let x be p(-9). Let y = -14 - -16. Calculate the greatest common factor of y and x.
2
Let c(h) = h**3 + 9*h**2 + 3*h - 39. Let f be c(-8). Calculate the highest common factor of f and 5.
1
Let c = 120 + -104. Let i be -24*(50/(-24) + 12/c). Calculate the greatest common divisor of i and 32.
32
Let x be (5 - 3)/((-2)/(-27)). Let k = -10 + x. Calculate the highest common factor of k and 85.
17
Suppose 0 = -4*s + 584 + 1744. Suppose 2*a = 4*a - s. Suppose 0 = x - r - 4*r - 75, 0 = -5*x - 3*r + a. Calculate the highest common divisor of 24 and x.
12
Let a(q) = 7*q - 84. Let f(p) = 33*p - 419. Let b(v) = -11*a(v) + 2*f(v). Let u be b(-20). Calculate the highest common divisor of 34 and u.
34
Suppose -2*h = -0*h - 36. Let q be 456/76*(-2)/(-8)*2. What is the highest common factor of q and h?
3
Let m(k) = -k**2 - 17*k + 26. Let w be m(-17). What is the greatest common divisor of w and 169?
13
Let k = -548 - -578. Calculate the highest common factor of k and 435.
15
Let u be 1/2*-2 - -5. Suppose 4*x = -5*c - 14, -2*c - x - 6 + 1 = 0. Let o be (10/8)/(c/(-16)). Calculate the greatest common divisor of u and o.
2
Suppose 5*i = -o + 1783, 3*i = 5*i + 2*o - 710. Calculate the highest common divisor of i and 21.
21
Let m(q) be the second derivative of -2*q**3 - 6*q**2 - 2*q + 4. Let c = -14 - -9. Let a be m(c). What is the highest common divisor of 16 and a?
16
Suppose -45 = -6*l - 3*l. Suppose 4*a + 210 = 2*t - 156, l*t - 931 = 2*a. Calculate the highest common factor of t and 11.
11
Let t be 310/(-4)*(-192)/120. Suppose 4*d - t = -3*h + 86, h = 5*d + 70. Calculate the greatest common divisor of h and 14.
14
Suppose 49 = -3*p + 136. Calculate the highest common divisor of p and 116.
29
Let x be 8 - 9/(-2)*(-8)/18. Calculate the greatest common divisor of x and 8.
2
Suppose 0*p - 2*p = 0. Let k = p - -11. Suppose -f = -c - k, -4 = 2*c + 2*c. What is the greatest common divisor of 110 and f?
10
Let v be 85 + (-4 - -4 - 1). Let i be (-24)/v - (-16)/7. Suppose i*l + 12 = 3*l. Calculate the highest common divisor of 3 and l.
3
Suppose -2*i + 57 = -5*t, 0 = -5*i + 6*t - 7*t + 183. Calculate the greatest common factor of 6 and i.
6
Suppose -103*l + 107*l - 228 = 0. Calculate the highest common divisor of 19 and l.
19
Suppose -9*i = -10*i + 25. Suppose -i = 4*u - 5*x, -u + 3*x + 8 = 23. Suppose 5*w + u*w = 45. Calculate the greatest common divisor of 9 and w.
9
Let b(c) be the third derivative of c**4/24 - 7*c**3/6 + 2*c**2. Let l be b(5). Let u be (-5 - l)/((-3)/21). What is the highest common divisor of u and 14?
7
Suppose -1248 = 460*u - 464*u. Calculate the highest common divisor of u and 52.
52
Let p be ((-4 + -17)/7)/((-6)/28). Let z(l) = 154*l**2. Let x(q) = q - 6. Let n be x(7). Let y be z(n). Calculate the highest common factor of y and p.
14
Suppose -2*c + 16 = 3*n, -10*n + 6*n - 2*c = -20. What is the highest common factor of n and 212?
4
Let w(a) = a**2 - 3*a + 3. Let m be w(6). Let q be (-712)/3 - ((-36)/27 - -1). Let h = -153 - q. What is the greatest common factor of m and h?
21
Suppose 0 = -0*g - g + x + 88, 152 = 2*g + 4*x. What is the greatest common factor of g and 462?
42
Suppose 2*m + 20 = -4. Let i = m - -20. Let v(t) = -t**2 - 16*t + 12. Let u be v(-16). Calculate the highest common factor of i and u.
4
Let r(x) = x**2 + 7*x - 8. Let g be r(-8). Suppose -n + 5*n - 128 = g. Suppose -t + n = 3*o, 0*t - 2*o = t - 30. What is the highest common divisor of 13 and t?
13
Let f(w) = -5*w + 15. Let r be f(-12). Calculate the greatest common divisor of 60 and r.
15
Suppose 0 = 4*f + 3*p - 1251, -5*f - 13*p + 17*p + 1587 = 0. Calculate the greatest common factor of 504 and f.
63
Let g(n) = -10*n - 4. Let p = -21 - -20. Let h be g(p). Suppose j = 36 + 18. What is the greatest common divisor of h and j?
6
Let t = -9 - -18. Let j = 7 - 320. Let p be 12/30 - j/5. Calculate the greatest common divisor of p and t.
9
Suppose -42 = 84*u - 114 - 96. Suppose -4*h + 12 = 0, 4*x + 5*h - 2*h - 17 = 0. What is the greatest common divisor of x and u?
2
Suppose -10 = -4*r - r. Let s be 3515/370 + 2/8*2. What is the highest common factor of s and r?
2
Let s be -1 + 3 + -1 + 13. Suppose 0 = 19*f - 59*f + 3920. What is the highest common divisor of f and s?
14
Let i = 230 + -221. What is the greatest common factor of 18 and i?
9
Let h = 74 - 50. Let p(w) = 3*w**2 - w + 1. Let o be (1/3)/((-2)/(-6)).